er when (-1)/3 - (-327)/9 is divided by 13?
10
Suppose 0 = 3*c + c - 16. Calculate the remainder when 12 is divided by c.
0
Suppose -5*w = -23 - 12. Suppose 13 + w = 5*d. Calculate the remainder when 9 is divided by d.
1
Let k(j) = j**3 - 6*j**2 + j - 1. Let i(b) = -b**3 + 6. Let r be i(0). Calculate the remainder when (-13)/(2 + 1 + -4) is divided by k(r).
3
Let t(q) = -1 - 2*q + 5*q - 4*q. Let x(m) = -m**2 - 7*m - 32. Let i(l) = 6*t(l) - x(l). What is the remainder when i(0) is divided by 14?
12
Suppose -u + s - 3 = -14, -u + 7 = -3*s. Let t = u - -2. Calculate the remainder when t is divided by 4.
3
Let v(w) = 9*w + 3. Let x(i) = i**3 - 2*i**2 - 4*i. Let g be x(4). Let r be 68/g - 3/12. What is the remainder when v(r) is divided by 20?
19
Suppose 2*t + 12 = 3*t. Let d = 427 + -269. Suppose o + 2*o = -5*k + d, -2*o + 3*k = -80. What is the remainder when o is divided by t?
10
Suppose 0 = -5*j - 15, -4*j = 3*i - 3*j + 33. What is the remainder when i/(-2)*(-5)/(-25) is divided by 1?
0
Let p = 30 - 17. Let q = 3 - 4. What is the remainder when p is divided by (q - 6/(-4))*14?
6
Let r(n) = 3*n**2 + 2*n - 3. What is the remainder when r(2) is divided by (9/6)/((-6)/(-32))?
5
Let y be 0*2/6 + -1. Calculate the remainder when 91 is divided by 1/y + (-1 - -25).
22
Let q(m) = 2*m**2 - 6*m - 5. Let w be q(5). Calculate the remainder when 16 is divided by (-94)/(-10) - 6/w.
7
Calculate the remainder when 52 is divided by (-3*(8 - 2))/(-1).
16
What is the remainder when -1 - -4 - (-3 - 29) is divided by 18?
17
Let p(t) = t**3 - 8*t**2 - 10*t. Let f be p(9). Let o be (-114)/f - 3/(-9). Let i = o - 6. What is the remainder when i is divided by 2?
1
Let b(i) = i**2 - 2*i + 2. Suppose -3*p + 0 + 6 = 0. Calculate the remainder when b(p) is divided by 1.
0
Suppose -l = 2*n - 45, -18 = -2*l + 2*n + 48. What is the remainder when 184 is divided by l?
36
Let w(v) = 2*v**3 - 2*v**2 - 1. Let l be w(2). Suppose -423 = 4*h - l*h. Suppose 6*u = 3*u + h. Calculate the remainder when u is divided by 16.
15
Let j = 14 - -18. What is the remainder when j is divided by 12?
8
Suppose -2 = -2*g + 2. Suppose -8 - 10 = -g*o. Calculate the remainder when 2/2 + 30/2 is divided by o.
7
Suppose -t + 121 = 4*b, -3*b - 2*t + 46 + 46 = 0. What is the remainder when b is divided by 7?
2
Let n be 12/(-42) + 556/(-14). Calculate the remainder when 27 is divided by (n/(-14))/(10/35).
7
Let v be 31 - 4 - (-1 + 3). Suppose -o + 4*k = -v, 2*o + 2*k - k - 23 = 0. What is the remainder when o is divided by 5?
3
Suppose -5*g = 1 - 56. What is the remainder when 21 is divided by g?
10
Suppose 3*q - 198 = -5*r, -4*r + 5*q + 0*q = -188. What is the remainder when r is divided by 9?
6
Let g be ((-1)/(-2))/((-2)/(-24)). Suppose -r + f = g, -4*f - 3 + 15 = 0. What is the remainder when (0 - 2) + (1 - r) is divided by 2?
0
Suppose r + 22 = 5*y + 123, -3*y - 83 = 5*r. Let m = y - -81. Suppose -b - 3*b = -m. What is the remainder when b is divided by 8?
7
Suppose 0*p = p - 5. Calculate the remainder when p is divided by 3.
2
Suppose 82 + 611 = 11*a. What is the remainder when a is divided by 13?
11
Let k be 2*(-1)/(1/2). What is the remainder when -1 - (-2 + 11)*k is divided by (1 - -6)*(-24)/(-14)?
11
Suppose s = 3*s - 36. What is the remainder when 53 is divided by s?
17
Let s = -2 - -8. Suppose -4*p + p + s = 0, -4*g + 3*p = -46. Calculate the remainder when g is divided by 4.
1
Let q be (2 + 4)/2 + -5. Let l = q + 25. Calculate the remainder when 91 is divided by l.
22
Calculate the remainder when 9 - ((-2 - -1) + -2) is divided by 7.
5
Let k(h) = -26*h. Let o be k(-1). Suppose 0 = -4*y - 23 + 123. Calculate the remainder when y is divided by (o/3)/(2/3).
12
Calculate the remainder when (-309)/(-6) + 3/(-6) is divided by 13.
12
Let v(k) = k**3 + 3*k**2 - 9*k - 10. Calculate the remainder when 47 is divided by v(-4).
7
Suppose -5*b = -7*b + 6. Suppose -4*r = b*w - w - 60, 0 = -5*r - 2*w + 74. What is the remainder when 53 is divided by r?
11
Let o(t) = 21*t**2. What is the remainder when 82 is divided by o(-1)?
19
Suppose 3*v - 2*v = 2. Calculate the remainder when 3 is divided by v.
1
Let n = -4 + 7. Let j = 27 - 19. What is the remainder when j is divided by n?
2
Suppose 0 = -0*n + 3*n - 3. Let t = 4 - n. What is the remainder when 38 is divided by t - (-3)/(9/30)?
12
Suppose 0*j - 2*k = -2*j - 6, j = -k + 3. Suppose -5*x + j*x + 75 = -3*h, 0 = 4*x + h - 43. Calculate the remainder when 23 is divided by x.
11
Suppose 2 - 1 = -o, 0 = -m + 5*o + 6. Suppose 0 = 3*p - m - 44. What is the remainder when 58 is divided by p?
13
Let m(f) = f**3 - 4*f**2 + 2*f + 2. Let r be m(3). Let t = 7 + r. What is the remainder when 17 is divided by t?
5
Suppose 4 = 3*r - 80. Let a(z) = -z**2 + 8*z - 8. Let x be a(6). Suppose -15 = -l - s, -3*l - x*s + 45 = -2*s. What is the remainder when r is divided by l?
13
Let g = 11 - 6. What is the remainder when 15/35 - 159/(-21) is divided by g?
3
Let k(o) = o**3 + 10*o**2 - o + 9. Let m = 52 + -34. Let u = 28 - m. Calculate the remainder when k(-10) is divided by u.
9
Let p(i) = -4*i**3 - 2*i**2 + 1. What is the remainder when 13 is divided by p(-1)?
1
Suppose -2*x = -7 + 1. Suppose -5*n = 4*d - 35 + 4, 18 = 3*n + x*d. What is the remainder when 26 is divided by n?
5
Suppose 2*p - 9 - 1 = 0. Suppose 0 = 3*x - 15, -m + 2*x + 5 = -4. Suppose 2*n - m = d + 6, p*n + 2*d = 67. What is the remainder when n is divided by 5?
3
Suppose 4*t + 4*w - 40 = 2*t, 0 = 2*w. Let c = -8 + 45. Calculate the remainder when c is divided by t.
17
Let h(z) = -z**3 - z**2 - 3*z - 1. What is the remainder when h(-6) is divided by 18?
17
Let d(o) = -70*o**3 + o**2 + 3*o + 2. Let l be d(-1). Suppose -l = -5*w + 45. Calculate the remainder when 43 is divided by w.
20
Let s = 1 + 4. Suppose 5*t - 44 - 381 = 0. Suppose 3*l = -3*k + 51, 2*k - t = -s*l + 6*k. What is the remainder when 50 is divided by l?
16
Suppose -y - 2*n - 17 = 0, -3*y = -n + 3*n + 59. Let k = y - -61. Suppose 0*o - k = -4*o. Calculate the remainder when 18 is divided by o.
8
Let a(o) = -o**3 + 7*o**2 + 15. What is the remainder when 71 is divided by a(7)?
11
Let h = 59 - 36. What is the remainder when h is divided by 12?
11
Suppose -5*i + 224 = 69. What is the remainder when 154 is divided by i?
30
Suppose -4*t + 48 = 2*u, 0 = -5*u + 2*t + 99 - 15. What is the remainder when u is divided by 13?
5
Let h(y) = -y**2 + 7*y + 12. Let f be h(9). What is the remainder when 1/(-4) - 130/(-8) is divided by 2/(-3)*f - -2?
4
Let z be (-18)/(-15)*(-20)/(-6). Calculate the remainder when 6/24 + 203/z is divided by 13.
12
Let x = 103 + -79. Calculate the remainder when 45 is divided by x.
21
Let p(o) = 2*o**2 + 9*o + 2. What is the remainder when 11 is divided by p(-5)?
4
Suppose -4*h = -3*h + 47. Let y = -33 - h. Suppose j - 13 = 13. Calculate the remainder when j is divided by y.
12
Let c(u) = 2*u + 2. Let y be c(3). Suppose y = -f + 3*w, w + 0*w = -f. Calculate the remainder when 17 is divided by f/(-2) + 1 - -8.
7
Suppose -3*r + 16 = -47. Suppose -a - z - 27 = 2*a, -4*a = -z + 43. Calculate the remainder when (-408)/a + 8/40 is divided by r.
20
Suppose -10*a + 46 = -144. Calculate the remainder when (-1)/(-3) - (-167)/3 is divided by a.
18
Let c(q) = 10*q + 5. Let y(p) = p**2 - 8. What is the remainder when c(5) is divided by y(6)?
27
Let z be (-3)/18 - (-19)/6. Suppose -n + o + 128 = z*n, o = 0. What is the remainder when n is divided by 11?
10
Calculate the remainder when 2/((14/(-33))/(-7)) is divided by 17.
16
Let n(x) = -x**3 + 6 + 6*x**2 - 10*x + 4*x + 0. Let z be n(5). Calculate the remainder when 3 is divided by (1*(z + -4))/(-1).
0
Let a be -10 + 32 - (1 - 3). Let u = a - 13. Calculate the remainder when 42 is divided by u.
9
Suppose 5*z = 3*j + 29, -2*z + 8 = 3*j - 12. Let n(t) = 3*t + 4. Calculate the remainder when n(5) is divided by z/(2 - (3 + -2)).
5
Suppose 4*g + 43 = 5*x - 4*x, x = 5*g + 48. Let r = 2 - 1. Let n = 11 + r. What is the remainder when x is divided by n?
11
Suppose 4*p - 4*o - 92 = 0, o - 60 = -4*p + 27. What is the remainder when 107 is divided by p?
19
What is the remainder when 85 is divided by 20 + (-1)/(3/(-6))?
19
Suppose 2*r - 3*o + o - 18 = 0, -4*r + 51 = -o. What is the remainder when r is divided by